7
In base 3, what is 12 + -1112011112210011?
-1112011112202222
In base 13, what is 424a805 + -4?
424a801
In base 8, what is -5106377374 + -1?
-5106377375
In base 8, what is 53226712 + -17?
53226673
In base 2, what is -1101100011 + 10001101001011100?
10001011011111001
In base 9, what is 3 - -111656?
111660
In base 13, what is 9523b4 + -6?
9523ab
In base 15, what is -14375b + -88?
-1437e4
In base 12, what is 75a7a2 + -41?
75a761
In base 6, what is 1032222 + 4004?
1040230
In base 4, what is 32020 + 10223122?
10321202
In base 6, what is -13503104 + 204?
-13502500
In base 9, what is 12512526 + -21?
12512505
In base 11, what is -282 - 41a410?
-41a692
In base 5, what is 1000140 + 420434?
1421124
In base 12, what is -6 + 317058?
317052
In base 10, what is 1131586 - 298?
1131288
In base 11, what is -2 + 1aa4918?
1aa4916
In base 7, what is -130565243 + 264?
-130564646
In base 14, what is -2264a - c9?
-22735
In base 5, what is 13302 + -42422301?
-42403444
In base 2, what is -101011001100011011010001111 - -1?
-101011001100011011010001110
In base 13, what is -443ab - 230?
-4460b
In base 4, what is -21332312021 + 32?
-21332311323
In base 8, what is 3405 + 314675?
320302
In base 16, what is 144fde + 1?
144fdf
In base 16, what is -760 + -1d38?
-2498
In base 6, what is -3554225 + -3550?
-4002215
In base 8, what is 15 - 3045611?
-3045574
In base 7, what is 41 + 21163113?
21163154
In base 13, what is bc5c + 2?
bc61
In base 8, what is 4 - 2133457?
-2133453
In base 12, what is 19 + -74b8?
-749b
In base 3, what is 110000200 + -1201?
102221222
In base 7, what is 154021 - 1130?
152561
In base 5, what is -13 - -2142042301?
2142042233
In base 12, what is -b66 + -31b?
-1285
In base 3, what is 100022200101000 - -12?
100022200101012
In base 12, what is a519 - 735?
99a4
In base 8, what is 431756567 + -1?
431756566
In base 8, what is -140460 + -35?
-140515
In base 10, what is -4903 - -1870?
-3033
In base 7, what is 2 - 2201052322?
-2201052320
In base 2, what is -11001011111111110100110 + -101?
-11001011111111110101011
In base 13, what is 142 + 13439?
1357b
In base 8, what is 1 - -2006151714?
2006151715
In base 5, what is 4 + 1324010110?
1324010114
In base 3, what is -100 - -122212201021?
122212200221
In base 5, what is -2114413 - 3?
-2114421
In base 3, what is -1110220121210 + 11010?
-1110220110200
In base 13, what is -6070 + -68?
-6108
In base 3, what is -10201021 - 210210211?
-221112002
In base 3, what is -2102 + -10102120101?
-10102122210
In base 2, what is 101 + -10101010101011010010000?
-10101010101011010001011
In base 16, what is -83147f2 + -1?
-83147f3
In base 9, what is 1 - 100730635?
-100730634
In base 14, what is -420 + 261b2?
25b92
In base 7, what is 11224306 + -100?
11224206
In base 2, what is 110000 + 1111000011000110110001000?
1111000011000110110111000
In base 8, what is 11677114 + 1?
11677115
In base 7, what is -2 - -26322015?
26322013
In base 15, what is 76 + 25865?
258db
In base 10, what is -26 + 23148742?
23148716
In base 8, what is -5 - -426756152?
426756145
In base 9, what is -1831 - -7814?
5873
In base 9, what is -22066065 + 15?
-22066050
In base 3, what is -11002101 - -1020102212?
1002100111
In base 4, what is -310123010 + -1100?
-310130110
In base 4, what is -2100112131 + -131?
-2100112322
In base 14, what is -c9 - 130dd1?
-1310ba
In base 11, what is -36532 + -37?
-36569
In base 10, what is 5 + 13204047?
13204052
In base 6, what is 2 + 30415235?
30415241
In base 5, what is 120210224 - 1443?
120203231
In base 2, what is 101 - 110100100011111101110?
-110100100011111101001
In base 2, what is 1000100000101 + -110111101010010?
-101111001001101
In base 10, what is 3 - 3101119?
-3101116
In base 15, what is -30535 - -16?
-3051e
In base 10, what is -4947 - 941?
-5888
In base 10, what is -23 - -3983827?
3983804
In base 7, what is 116252 + 2?
116254
In base 2, what is 10 - 101101111010111011111100011?
-101101111010111011111100001
In base 13, what is 35 + 108c92?
108cc7
In base 11, what is -24116245 - -3?
-24116242
In base 2, what is 100010101110011 + 110100100110?
101001010011001
In base 10, what is -3444440 + 6?
-3444434
In base 3, what is -201020 + -20102021202?
-20102222222
In base 9, what is -2037 + -88430?
-101467
In base 13, what is 708a - 2106?
4c84
In base 2, what is -1110110000000011 + 1110000000101?
-1100111111111110
In base 12, what is 149194 - 254?
148b40
In base 2, what is -101001000110010101 - 11111010?
-101001001010001111
In base 13, what is 0 - 6079682?
-6079682
In base 12, what is -2 + 5131a9?
5131a7
In base 14, what is 166 + 18c9d?
19025
In base 7, what is 45626 + -603?
45023
In base 15, what is -28 - 2d15?
-2d3d
In base 2, what is -1011 - 1111000110100000010111?
-1111000110100000100010
In base 6, what is 32003330 + -45?
32003241
In base 10, what is 78574 - -340?
78914
In base 6, what is -2233112353 + 1?
-2233112352
In base 7, what is 4504 - -10320?
15124
In base 16, what is 7 + -2d869d?
-2d8696
In base 6, what is 15251533555 + -3?
15251533552
In base 4, what is -1101033322 - -122231?
-1100311031
In base 9, what is 57 + -230733?
-230665
In base 3, what is 0 - 102012111211211110?
-102012111211211110
In base 14, what is -3a192b6 - 2?
-3a192b8
In base 6, what is -200425024150 + -5?
-200425024155
In base 5, what is 324114 - -40242?
414411
In base 10, what is -2589125 + -4?
-2589129
In base 11, what is -1137775 + -57?
-1137821
In base 2, what is 10110011111 + -10010110100?
11101011
In base 7, what is -255 - 26032002?
-26032260
In base 12, what is 1454937 + 2?
1454939
In base 9, what is -1148510 + -314?
-1148824
In base 15, what is -2369c95c - 4?
-2369c961
In base 7, what is -31 + -10145156?
-10145220
In base 8, what is 4641 + -142?
4477
In base 3, what is 22 + 222021?
222120
In base 13, what is 1363 + -7443?
-60b0
In base 13, what is -1cc089a9 - 5?
-1cc089b1
In base 12, what is -5292006 + 3?
-5292003
In base 11, what is 38809 + -352?
38467
In base 12, what is -4 - 36a826b2?
-36a826b6
In base 14, what is ba3226 - 16?
ba3210
In base 7, what is 3 - -4106151?
4106154
In base 4, what is -1013120 - -10011230?
2332110
In base 4, what is 1232 - -3230210?
3232102
In base 12, what is -39 - -154619?
1545a0
In base 7, what is 563101662 + -14?
563101645
In base 12, what is 51 - 5198ba?
-519869
In base 14, what is 5 - 19620a?
-196205
In base 7, what is 6 + -336115632?
-336115623
In base 3, what is 11121022 - -1200112121?
1212010220
In base 15, what is -14acb - -4b?
-14a80
In base 14, what is -3862050 - 0?
-3862050
In base 4, what is 23220001 - 1321110?
21232231
In base 3, what is -10 + 10202110101221111?
10202110101221101
In base 9, what is 3878 - 3323?
555
In base 5, what is -3122101201 + -10?
-3122101211
In base 2, what is 10111 + -11111111111110011000?
-11111111111110000001
In base 12, what is -329 - -a440?
a113
In base 7, what is 16011561 - 345?
16011213
In base 11, what is -18460 + 619?
-17942
In base 9, what is 223814 + -828?
222875
In base 13, what is 5b6 - -2104?
26ba
In base 13, what is 276 - -407?
680
In base 9, what is 3 - -33355273?
33355276
In base 2, what is -101 + 1101000101101111001011011001?
1101000101101111001011010100
In base 7, what is 454313 + -6050?
445233
In base 15, what is 103 - -706d9?
707dc
In base 7, what is 3210 - -126464?
133004
In base 14, what is 284874b6 + -1?
284874b5
In base 2, what is 101000001010110110100100 - 0?
101000001010110110100100
In base 5, what is -2344203 + 1103?
-2343100
In base 14, what is -12 + -276376?
-276388
In base 8, what is -5664174556 - 3?
-5664174561
In base 2, what is 100 + -1011110001000011000101?
-1011110001000011000001
In base 3, what is -12210101211 + 1212?
-12210022222
In base 11, what is -27 - 1429aa?
-142a26
In base 8, what is -2 - -277535?
277533
In base 4, what is -2132 - -2211120211?
2211112013
In base 4, what is 1132 + -10203323222?
-10203322030
In base 10, what is 1345551 - -11?
1345562
In base 9, what is -11346627 - -5?
-11346622
In base 16, what is -103515 - -b?
-10350a
In base 2, what is 101000011110100000011 - -11100110?
101000011110111101001
In base 8, what is -36 + -6517441?
-6517477
In base 5, what is 320 + 13302?
14122
In base 3, what is 11112210000102 + -11?
11112210000021
In base 2, what is -101 - -10000000011101101111101110?
10000000011101101111101001
In base 4, what is 2000032